 1446?
1
What is the tens digit of 5086?
8
What is the tens digit of 9934?
3
What is the thousands digit of 94919?
4
What is the tens digit of 909?
0
What is the hundreds digit of 6561?
5
What is the hundreds digit of 79618?
6
What is the thousands digit of 43095?
3
What is the tens digit of 11674?
7
What is the hundreds digit of 112?
1
What is the tens digit of 15?
1
What is the units digit of 21143?
3
What is the tens digit of 2607?
0
What is the units digit of 6457?
7
What is the units digit of 94?
4
What is the hundreds digit of 31864?
8
What is the tens digit of 96?
9
What is the units digit of 1786?
6
What is the thousands digit of 2777?
2
What is the hundreds digit of 1291?
2
What is the units digit of 101886?
6
What is the hundreds digit of 4499?
4
What is the tens digit of 284?
8
What is the thousands digit of 14643?
4
What is the hundreds digit of 103495?
4
What is the thousands digit of 3548?
3
What is the tens digit of 2480?
8
What is the tens digit of 72769?
6
What is the tens digit of 9555?
5
What is the hundreds digit of 34509?
5
What is the thousands digit of 3134?
3
What is the thousands digit of 40346?
0
What is the tens digit of 122883?
8
What is the tens digit of 391?
9
What is the hundreds digit of 7846?
8
What is the tens digit of 558?
5
What is the hundreds digit of 430?
4
What is the hundreds digit of 14349?
3
What is the hundreds digit of 693?
6
What is the thousands digit of 175081?
5
What is the thousands digit of 1698?
1
What is the thousands digit of 1446?
1
What is the tens digit of 548?
4
What is the thousands digit of 34933?
4
What is the hundreds digit of 54031?
0
What is the thousands digit of 20600?
0
What is the thousands digit of 6551?
6
What is the units digit of 24436?
6
What is the hundreds digit of 7925?
9
What is the hundreds digit of 3248?
2
What is the units digit of 6794?
4
What is the ten thousands digit of 36051?
3
What is the ten thousands digit of 39157?
3
What is the units digit of 3013?
3
What is the hundreds digit of 27765?
7
What is the hundreds digit of 4381?
3
What is the tens digit of 1501?
0
What is the thousands digit of 5287?
5
What is the hundreds digit of 30555?
5
What is the hundreds digit of 1364?
3
What is the units digit of 1476?
6
What is the hundreds digit of 12943?
9
What is the thousands digit of 34299?
4
What is the hundreds digit of 7584?
5
What is the hundreds digit of 5776?
7
What is the thousands digit of 1783?
1
What is the units digit of 3127?
7
What is the tens digit of 38409?
0
What is the ten thousands digit of 12791?
1
What is the units digit of 168157?
7
What is the hundreds digit of 10213?
2
What is the tens digit of 1260?
6
What is the thousands digit of 27660?
7
What is the units digit of 4776?
6
What is the tens digit of 3651?
5
What is the tens digit of 3523?
2
What is the units digit of 25301?
1
What is the hundreds digit of 1336?
3
What is the ten thousands digit of 24434?
2
What is the thousands digit of 13463?
3
What is the units digit of 2049?
9
What is the units digit of 32511?
1
What is the units digit of 4014?
4
What is the tens digit of 132?
3
What is the units digit of 54422?
2
What is the hundreds digit of 2329?
3
What is the thousands digit of 4417?
4
What is the hundreds digit of 80651?
6
What is the units digit of 693?
3
What is the units digit of 26019?
9
What is the units digit of 370?
0
What is the units digit of 2473?
3
What is the thousands digit of 4680?
4
What is the tens digit of 422?
2
What is the tens digit of 8241?
4
What is the units digit of 3702?
2
What is the tens digit of 3364?
6
What is the ten thousands digit of 29428?
2
What is the units digit of 17899?
9
What is the thousands digit of 56275?
6
What is the units digit of 42058?
8
What is the hundreds digit of 818?
8
What is the thousands digit of 50174?
0
What is the units digit of 465?
5
What is the units digit of 1013?
3
What is the tens digit of 1293?
9
What is the units digit of 25183?
3
What is the units digit of 2704?
4
What is the thousands digit of 27402?
7
What is the units digit of 4498?
8
What is the thousands digit of 6873?
6
What is the units digit of 4547?
7
What is the units digit of 4698?
8
What is the units digit of 727?
7
What is the tens digit of 48002?
0
What is the hundreds digit of 8812?
8
What is the ten thousands digit of 81879?
8
What is the tens digit of 279?
7
What is the ten thousands digit of 72214?
7
What is the units digit of 322?
2
What is the thousands digit of 1465?
1
What is the thousands digit of 2851?
2
What is the tens digit of 952?
5
What is the units digit of 110787?
7
What is the tens digit of 12839?
3
What is the thousands digit of 2606?
2
What is the thousands digit of 1095?
1
What is the tens digit of 3619?
1
What is the ten thousands digit of 23658?
2
What is the units digit of 128314?
4
What is the tens digit of 2493?
9
What is the thousands digit of 1300?
1
What is the hundreds digit of 12331?
3
What is the hundreds digit of 26859?
8
What is the hundreds digit of 669?
6
What is the tens digit of 2206?
0
What is the thousands digit of 7863?
7
What is the thousands digit of 13085?
3
What is the units digit of 14766?
6
What is the tens digit of 5096?
9
What is the ten thousands digit of 132339?
3
What is the tens digit of 2360?
6
What is the tens digit of 9631?
3
What is the thousands digit of 3145?
3
What is the hundreds digit of 6399?
3
What is the ten thousands digit of 114358?
1
What is the tens digit of 5941?
4
What is the thousands digit of 46761?
6
What is the tens digit of 5181?
8
What is the ten thousands digit of 17804?
1
What is the tens digit of 568?
6
What is the units digit of 142?
2
What is the units digit of 11673?
3
What is the hundreds digit of 6342?
3
What is the tens digit of 74620?
2
What is the units digit of 138136?
6
What is the tens digit of 12733?
3
What is the tens digit of 5518?
1
What is the hundreds digit of 18532?
5
What is the hundreds digit of 232?
2
What is the units digit of 28599?
9
What is the thousands digit of 4479?
4
What is the tens digit of 492?
9
What is the thousands digit of 6027?
6
What is the tens digit of 86806?
0
What is the units digit of 192?
2
What is the hundreds digit of 239?
2
What is the hundreds digit of 641?
6
What is the hundreds digit of 45806?
8
What is the units digit of 2803?
3
What is the thousands digit of 3609?
3
What is the units digit of 49777?
7
What is the ten thousands digit of 27106?
2
What is the units digit of 3119?
9
What is the hundreds digit of 6705?
7
What is the ten thousands digit of 18087?
1
What is the units digit of 7915?
5
What is the tens digit of 6232?
3
What is the hundreds digit of 159?
1
What is the tens digit of 137?
3
What is the units digit of 24261?
1
What is the units digit of 3064?
4
What is the thousands digit of 28492?
8
What is the hundreds digit of 33928?
9
What is the units digit of 26948?
8
What is the hundreds digit of 16326?
3
What is the tens digit of 603?
0
What is the units digit of 526?
6
What is the thousands digit of 1275?
1
What is the units digit of 14710?
0
What is the units digit of 2181?
1
What is the tens digit of 23989?
8
What is the tens digit of 7347?
4
What is the thousands digit of 150394?
0
What is the units digit of 831?
1
What is the tens digit of 7063?
6
What is the tens digit of 774?
7
What is the thousands digit of 7036?
7
What is the hundreds digit of 44787?
7
What is the units digit of 2542?
2
What is the tens digit of 1981?
8
What is the units digit of 1511?
1
What is the units digit of 9922?
2
What is the units digit of 6501?
1
What is the hundreds digit of 975?
9
What is the thousands digit of 36532?
6
What is the tens digit of 2409?
0
What is the tens digit of 31498?
9
What is the hundreds digit of 321?
3
What is the hundreds digit of 792?
7
What is the tens digit of 1153?
5
What is the units digit of 215?
5
What is the ten thousands digit of 26430?
2
What is the hundreds digit of 255?
2
What is the units digit of 27295?
5
What is the hundreds digit of 43536?
5
What is the hundreds digit of 1554?
5
What is the hundreds digit of 6070?
0
What is the tens digit of 6174?
7
What is the units digit of 17552?
2
What is the hundreds digit of 28295?
2
What is the tens digit of 545?
4
What is the hundreds dig